-9*q + q**3 + 3268*q**2 - 1636*q**2 - 1634*q**2 + 3. Give k(4).
-1
Let d(o) = -17*o - 21. Let n(i) = -6*i - 7. Suppose -16*r + 17*r = 3. Let k(l) = r*d(l) - 8*n(l). Give k(-5).
8
Let u(r) = -39*r + 2. Suppose -5*i - 29*i + 34 = 0. Determine u(i).
-37
Suppose 6*a + 11*a = -34. Let y(x) = x**2 - 4. Determine y(a).
0
Let t(d) = -4*d + 2. Suppose -4*q + 9*q = 30. Give t(q).
-22
Let f(s) = -13*s**2 + s + 20. Let n(k) be the second derivative of -k**4/4 + 5*k**2/2 + 16*k. Let c(u) = 2*f(u) - 9*n(u). Give c(-4).
3
Let q(r) = 51*r - 64. Let w(f) = -7*f + 9. Let g(d) = 2*q(d) + 15*w(d). What is g(7)?
-14
Let b be 10*(6/(-4) - -1). Let y(a) be the first derivative of -a**2 - 6*a + 4. Give y(b).
4
Let n(i) be the second derivative of -3*i**5/40 - 5*i**3/2 + 26*i. Let k(q) be the second derivative of n(q). Calculate k(-1).
9
Suppose 21 = -401*c + 398*c. Let o(d) = d**3 + 6*d**2 - 5*d + 17. Determine o(c).
3
Suppose 17*w - 12*w - 89 = -q, 0 = w - 2*q - 20. Let s(f) = -f + 19. What is s(w)?
1
Let m(i) be the third derivative of i**6/720 - 5*i**4/24 + 16*i**2. Let w(g) be the second derivative of m(g). Calculate w(6).
6
Let j be (-78)/(-546) - 184/14. Let d(y) = y**2 + 18*y + 16. Give d(j).
-49
Suppose -3*h - 13 = -2*t, 3*t + 3*h - 13 - 14 = 0. Let n be (-9 + t)*1*4. Let o(i) = i**2 + 7*i + 1. Calculate o(n).
-11
Let w(b) be the second derivative of b**5/20 + 7*b**4/6 + 2*b**3 - 15*b**2/2 + 163*b. Give w(-13).
-2
Suppose 5*n + 0 = -5*i + 15, -4*i = -5*n - 12. Suppose 6*p - 5*p - 2 = n. Let x(t) = 2*t**2 + 2*t - 2. Give x(p).
10
Let h(j) = j**3 - 23*j**2 + 44*j**2 - 18*j**2 + 3 + 0*j**3. What is h(-3)?
3
Suppose -z + 90 = 4*z. Let h be (-793)/117 + (-4)/z. Let u(g) = -g**2 - 8*g - 8. Give u(h).
-1
Let z(t) = -4*t**3 - 2*t**2 + 1. Let f(k) = -5*k**3 + 3*k**2 - 5*k + 8. Let v(x) = -f(x) + z(x). Give v(4).
-3
Let g(c) = -4*c**3 - 31*c**2 + 14*c - 6 + 10*c**2 + 7*c**3. Let l(i) = -2*i**3 + 14*i**2 - 9*i + 4. Let h(j) = -5*g(j) - 7*l(j). Calculate h(6).
-4
Suppose -6 = 3*g - 12. Let v(i) = -g + 3 + 0*i + 8*i**2 + 0 - i. Determine v(1).
8
Let a(v) = -42*v - 6. Let i(y) = y + 1. Let t(h) = -a(h) - 3*i(h). Let l(d) = -11*d - 1. Let c(u) = 18*l(u) + 5*t(u). Determine c(-2).
3
Let i = 4 - 7. Let l = -36 - -40. Let w(m) = l*m**2 - 2*m - 4*m**3 + 5*m**3 + 5*m - m. Give w(i).
3
Let b(m) be the second derivative of m**5/120 - m**4/6 - 31*m**3/6 + 5*m. Let j(u) be the second derivative of b(u). Calculate j(5).
1
Let h = -4181 - -4185. Let u(n) = -3*n + 3 + 3*n + 3*n. What is u(h)?
15
Suppose 13 = 3*d - 2. Let a(t) = -3*t - 6. Let m(y) = 47*y + 8 - 11 - 49*y. Let o(h) = 3*a(h) - 5*m(h). Determine o(d).
2
Suppose 0 = 5*w - 25 + 10. Suppose w*p = 5*p + 16. Let f = 16 + p. Let m(x) = x - 4. Calculate m(f).
4
Let s(o) = -o**2 + 5*o - 6. Suppose -8 = u + 4*j, 4*u + 5*j + 2 - 3 = 0. Calculate s(u).
-2
Let y(a) be the second derivative of a**4/12 - a**3 + 7*a**2/2 + 1082*a. Let k(m) = -2*m. Let f be k(-2). Suppose -f*r = -0*r - 24. Calculate y(r).
7
Let l = 16 - 35. Let h = l + 22. Let w(q) = q + 3 - 2 - 4 - h. What is w(0)?
-6
Suppose 0 = -2*c - 2 - 2. Let o(f) be the second derivative of f**5/20 + f**4/12 - f**3/3 - f**2/2 - 2*f - 136. Give o(c).
-1
Let c(l) = -l**2 + 11*l - 8. Let s = 369 - 359. Determine c(s).
2
Let w(t) = -t**2 + 4*t + 1. Suppose -15 = -5*i + 5. Let x be w(i). Let k(s) be the second derivative of 7*s**3/3 + s**2/2 - 4421*s. Determine k(x).
15
Let n(y) = y**3 - 6*y**2 + y - 1. Suppose 9*o = 8*o + 177. Suppose 5*a - o = -57. Suppose -a = -8*d + 4*d. What is n(d)?
5
Let s(m) be the first derivative of 4*m**2 - 7*m - 7/3*m**3 + 1/4*m**4 + 26. What is s(6)?
5
Let r = -31 - -32. Let k(b) = -4*b - 5. Let j(g) = g + 1. Let d(w) = r*k(w) + 5*j(w). Determine d(-1).
-1
Let q(t) = -t**2 + 6*t - 2. Let m be 12/(-9) - (1794/(-9) - 0). Suppose -8 = -m*b + 196*b. Determine q(b).
6
Let b(x) = 4*x - 244*x**3 - 6*x**2 + 487*x**3 - 242*x**3 + 1. Calculate b(5).
-4
Let a(d) be the first derivative of d**3/3 - 7*d**2/2 + 7*d + 3. Let t be (-6)/(36/(-210))*1/5. What is a(t)?
7
Let z(s) = -3*s**3 - s**2 - s. Let b(u) = -11*u**3 - 13*u**2 - 28*u + 9. Let o(k) = -b(k) + 4*z(k). Determine o(11).
13
Suppose 2*d + 4 = -x + 13, 0 = x - 3*d - 29. Let a be (-1 - 1)*19/2. Let c = x + a. Let w(q) = -q**3 - 3*q**2 - 3*q - 1. What is w(c)?
1
Suppose 3*l - 48 = 18. Let j(x) = -x**2 - 18*x - 5 + 0 + l*x. Suppose 0 = -2*v + 9 - 1. What is j(v)?
-5
Let r(k) = -5*k**2 + k. Let n(z) = 2*z**2. Let j(w) = 8*n(w) + 3*r(w). Calculate j(-4).
4
Let k(y) = -y**3 + 7*y**2 - y + 6. Let u be 2*(-30)/24*(-8)/10. Let t be 14*(0 + 1)/u. What is k(t)?
-1
Let z = -30 - -30. Suppose z*g + 18 = 3*g. Let v(a) = 5 + 3 - g + a. What is v(4)?
6
Suppose -3*q - 2*q - 2*x + 29 = 0, 5*q = x + 23. Let z(g) = -20*g + 1 - q + 8*g + 14*g. What is z(-4)?
-12
Let b(q) be the first derivative of q**3/2 + 7*q**2/2 + 3*q - 9. Let f(i) be the first derivative of b(i). Calculate f(-5).
-8
Let z(a) = -13*a**3 - 18*a**2 + 4*a. Let n(y) = -9*y**3 - 12*y**2 + 3*y. Let s(k) = -7*n(k) + 5*z(k). Give s(-4).
36
Let p(g) be the first derivative of -3*g + 11 - 3*g**2 + 2*g**2 - 3 + 2*g. Calculate p(1).
-3
Let x(z) = 3*z + 1. Let m(c) = -2*c - 1. Let t(k) = -6*m(k) - 5*x(k). What is t(-1)?
4
Suppose 0 = -10*z + 7*z + 6. Let w(y) = 3 + 7*y**z - 23*y - y**3 + 21*y - 12*y**2. Determine w(-3).
-9
Let w(u) = 16*u**2 + 18*u - 7. Let r(p) = 14*p**2 + 16*p - 7. Let n(b) = 7*r(b) - 6*w(b). What is n(-6)?
41
Suppose 0 = 8*l - 6*l. Let n(w) = 2*w + l*w + 2*w - 5. Let h(v) = 2*v - 2. Let b(z) = -14*h(z) + 6*n(z). What is b(-2)?
6
Suppose -5*v = -8 + 23. Let u be (90/27)/((-2)/v). Let h(i) = i**3 - 6*i**2 + 6*i + 1. Calculate h(u).
6
Let g(b) = b**2 + 2*b. Let w(q) = -7*q**2 - 18*q + 3. Let l(p) = 6*g(p) + w(p). Let i be (-3)/(((-3)/2)/(-1)). Let r be (1 - -8)*i/3. Determine l(r).
3
Let p(s) = 11*s**3 - 16*s**2 + 5*s - 5. Let c(g) = -2*g**3 + g**2 - g. Let i(k) = -6*c(k) - p(k). Calculate i(-10).
-5
Suppose 0 = 3*a + 3*a - 12. Let v(j) = -j**2 + a + 0 + j**3 + j + 0*j. Give v(0).
2
Let z(f) = f**3 + 6*f**2 + 12*f + 11. Let h(o) = -o**2 + 7*o - 10. Let y be h(6). What is z(y)?
-5
Let o(m) be the second derivative of 2*m**3 - m**2/2 + 59*m. Let h be ((-2)/(-4))/(3/(-6)). What is o(h)?
-13
Let w(j) be the first derivative of 7*j**3/3 - j**2/2 - 7*j + 18. Let a(z) be the first derivative of w(z). Give a(1).
13
Let m(z) = z**2 + 7*z + 6. Let s be ((-15)/9)/(15/45). Determine m(s).
-4
Let a be (-156)/(-27) + 2/9. Let f(o) = -5*o**3 - 21*o**2 + 23*o + 18. Let y(g) = 2*g**3 + 7*g**2 - 8*g - 6. Let q(p) = -3*f(p) - 8*y(p). What is q(a)?
0
Suppose -4*n - 230 = 5*y, -12*y = -13*y + 2. Let c be 0*-5*6/n. Let j(q) be the second derivative of q**5/20 + q**4/12 - 7*q**2/2 + q. Calculate j(c).
-7
Suppose -4*p = 4*x, 4*p + 2 = 3*p. Let k(n) = -30*n**2 + n - 6*n + 31*n**x + 4. Suppose -20 = -2*d - 2*d. Determine k(d).
4
Let h(f) be the second derivative of 1 - 1/6*f**3 - 1/12*f**4 + 1/20*f**5 + 8*f + 11/2*f**2. Let l be 1/(-4) - (-1)/4. What is h(l)?
11
Let h(d) = 8*d**2 - 3*d**2 - 116 - 4*d**2 + 154. Calculate h(0).
38
Let q(v) = v**3 + 8*v**2 - 11*v - 5. Let t(s) = -s**3 - s**2 + 7*s - 9. Let g be t(0). Calculate q(g).
13
Let a(f) be the third derivative of f**5/5 - f**3/6 - 399*f**2. Calculate a(2).
47
Let k be 5/((-120)/(-258)) - 12/16. Let o(v) = -v**2 + 11*v + 17. Calculate o(k).
27
Let t(o) be the second derivative of -2*o + 1/2*o**3 + 0 - o**2. Give t(-2).
-8
Let l be 12/(-32)*4*(-32)/(-6). Let r(v) = v**2 + 5*v - 19. Give r(l).
5
Suppose -11*v = 2*c - 10*v - 1, 0 = -3*c + 2*v - 9. Let d(b) = -3*b + 1. Give d(c).
4
Let b(n) = -5*n**2 - n - 24. Let f(m) = -2*m**2 - m - 11. Let l(d) = 3*b(d) - 7*f(d). Let y = -14 - -20. Determine l(y).
-7
Let f = 7 + -4. Let t(v) = -v + 7. Let x be t(5). Let q(n) = n**f + 0 + 2 - 5*n**x - 4 + 2*n - 3*n. Calculate q(5).
-7
Let y(z) be the first derivative of -z**4/4 + 10*z**3/3 - 5*z**2 + 10*z + 85. Determine y(9).
1
Let b(y) be the first derivative of -y**4/24 + y**3/6 - 14*y**2 + 16. Let v(k) be the second derivative of b(k). What is v(2)?
-1
Let t(n) be the second derivative of 11*n**3/6 + 39*n**2/2 + 2*n. Let g(w) = -3*w - 13. Let r(c) = 7*g(c) + 2*t(c). Give r(8).
-5
Let t(r) = -13*r**2 + 1. Let p = -1078 - -1079. Calculate t(p).